 What is c(-2)?
-13
Let q(s) = -s**3 - 10*s**2 + s + 10. Give q(-10).
0
Let j(u) = -2*u**2 - 30*u - 30. What is j(-16)?
-62
Let u(p) = -3*p**3 + p - 2. Calculate u(2).
-24
Let f(z) = z**3 + 15*z**2 + 15*z + 3. Calculate f(-14).
-11
Let d(t) = -4*t - 12. What is d(-6)?
12
Let s(f) = -39*f + 57. What is s(2)?
-21
Let u(l) = -l**2 - 15*l + 3. Calculate u(-13).
29
Let c(m) = m**2 + 11*m - 2. Determine c(-15).
58
Let c(u) = -u**3 - 13*u**2 + 31*u + 11. Calculate c(-15).
-4
Let r(z) = -z**3 - 110. What is r(0)?
-110
Let i(b) = -b**3 + 10*b**2 + 13*b - 27. Determine i(11).
-5
Let d(t) = -t**3 + 3*t**2 + t - 1. Calculate d(-1).
2
Let j(c) = c + 3. Calculate j(8).
11
Let f(m) = 7*m + 121. Calculate f(-23).
-40
Let o(h) = -h**3 + 15*h**2 - 35*h - 21. What is o(12)?
-9
Let u(n) = -n**3 - 2*n - 7. Calculate u(-2).
5
Let u(i) = i**3 + 7*i**2 - 46*i - 16. What is u(-11)?
6
Let m(v) = -v**3 + 17*v**2 + 3*v - 42. What is m(17)?
9
Let x(i) = -i**3 + 6*i**2 - 4*i + 6. Determine x(6).
-18
Let z(o) = -7*o**2 - 4*o - 8. Determine z(-4).
-104
Let h(n) = 5*n - 229. Calculate h(46).
1
Let q(a) = -2*a**2 + 35*a - 20. Determine q(17).
-3
Let j(o) = 64*o - 250. Determine j(4).
6
Let n(r) = -3*r - 52. Determine n(0).
-52
Let h(f) = -15*f - 19. Determine h(-2).
11
Let u(p) = p**2 - 2*p + 16. Determine u(-8).
96
Let f(t) = -2*t**2 + t - 12. Calculate f(-9).
-183
Let w(s) = -s**2 + 2*s + 92. Give w(11).
-7
Let a(u) = -3*u - 19. Determine a(-5).
-4
Let p(l) = 17*l + 3. Determine p(-2).
-31
Let t(u) = -u**2 - 10*u - 7. Give t(-5).
18
Let b(l) = l**3 + 6*l**2 - 2*l + 8. Calculate b(-4).
48
Let a(h) = 2*h**3 - 16*h**2 + 17*h - 25. Give a(7).
-4
Let s(f) = f**3 - 15*f**2 + 13*f + 10. Calculate s(14).
-4
Let z(m) = m**3 - m**2 + 3. Determine z(-2).
-9
Let u(f) = -f**3 + 10*f**2 - 10*f + 12. What is u(9)?
3
Let k(c) = c**3 - 11*c**2 + 14*c + 1. Determine k(8).
-79
Let g(h) = h**2 - 11*h - 2. Calculate g(11).
-2
Let u(w) = 5*w + 8. What is u(-6)?
-22
Let i(j) = 3*j**2 + 20*j + 45. Give i(-7).
52
Let j(x) = -x**3 - 21*x**2 - 52*x + 43. Determine j(-18).
7
Let j(u) = 2*u - 7. What is j(6)?
5
Let l(s) = s**2 + s - 9. Determine l(4).
11
Let y(o) = o**3 + 7*o**2 - 23*o - 12. Calculate y(-9).
33
Let i(q) = -q**3 - 7*q**2 - q + 5. Give i(-6).
-25
Let c(d) = -13*d + 175. Give c(14).
-7
Let a(q) = 7*q + 1. Determine a(-2).
-13
Let f(y) = -3*y**2 + y. Calculate f(-3).
-30
Let o(w) = w**3 - w**2 + 2*w - 8. Give o(2).
0
Let o(q) = q**2 + q - 19. Determine o(0).
-19
Let z(g) = -3*g + 23. Calculate z(11).
-10
Let f(k) = -k**3 + 14*k**2 + 15*k - 1. Calculate f(15).
-1
Let i(m) = 6*m**2 + 79*m - 15. What is i(-13)?
-28
Let n(l) = 5*l**3 - 3*l**2 + 7*l - 5. Give n(2).
37
Let s(g) = g**3 - 3*g**2 + 2*g + 3. What is s(4)?
27
Let s(c) = -c**2 + 2*c - 1. Calculate s(1).
0
Let d(p) = -58*p + 292. Give d(5).
2
Let r(k) = -k**3 - k**2 - k + 1. Determine r(1).
-2
Let p(n) = n**3 + 6*n**2 - 3. Give p(-6).
-3
Let o(b) = b**3 - 29*b**2 - 29*b - 63. What is o(30)?
-33
Let x(n) = -12*n + 178. Determine x(15).
-2
Let s(o) = 11*o**3 + 2*o**2 - 2*o - 3. Determine s(-1).
-10
Let y(c) = c**3 - 6*c**2 - 6*c - 6. What is y(7)?
1
Let h(w) = -22*w - 4. Determine h(2).
-48
Let v(z) = z**2 - 23. Calculate v(-5).
2
Let o(y) = -2*y**2 + 2*y + 30. Calculate o(0).
30
Let b(l) = 50*l**3 - l**2 + 2*l - 1. Determine b(1).
50
Let x(j) = j**3 - j**2 - 2*j + 5. Calculate x(0).
5
Let n(a) = 2*a + 5. Give n(-2).
1
Let u(z) = -16*z - 2. What is u(1)?
-18
Let h(i) = i**3 - 11*i**2 - 27*i + 1. Give h(13).
-12
Let s(d) = d**3 + 6*d**2 - 1. Determine s(-3).
26
Let z(p) = p**3 + 29*p**2 + 34*p + 164. Give z(-28).
-4
Let z(k) = -k**2 + k + 2. Determine z(2).
0
Let z(n) = 5*n - 15. What is z(10)?
35
Let j(c) = -c**2 - 2*c - 15. Calculate j(-7).
-50
Let k(q) = -2*q - 11. What is k(-10)?
9
Let z(c) = -5*c**3 - c**2 + 2*c + 3. Give z(-1).
5
Let x(k) = 2*k + 22. Determine x(-8).
6
Let m(t) = 2*t**3 - 5*t**2 - 7. Determine m(4).
41
Let f(v) = 2*v**3 - v**2 - v - 1. What is f(-1)?
-3
Let r(z) = -z**3 - 16*z**2 - z - 16. Calculate r(-16).
0
Let l(a) = a**3 - 28*a**2 + 23*a + 63. Determine l(27).
-45
Let w(z) = z + 78. Determine w(0).
78
Let z(u) = -20*u. Give z(-1).
20
Let c(q) = -7*q + 12. What is c(3)?
-9
Let f(q) = -16*q - 6. Determine f(5).
-86
Let z(x) = x**3 - 5*x**2 + 4*x + 7. Determine z(5).
27
Let i(l) = l**3 + 15*l**2 + 12*l - 20. Calculate i(-14).
8
Let m(u) = -u - 11. Calculate m(-12).
1
Let t(l) = -l**3 + 9*l**2 + 9*l - 13. Give t(10).
-23
Let x(w) = 2*w**3 - w**2 - 2*w - 2. Determine x(2).
6
Let i(d) = -d**3 + 11*d**2 - 12*d + 25. What is i(10)?
5
Let g(w) = w**2 + 15*w - 2. Determine g(-15).
-2
Let d(y) = -y**3 - 6*y**2 - 3*y - 38. Give d(-7).
32
Let g(n) = 2*n - 80. Determine g(43).
6
Let b(v) = -28*v + 870. Determine b(31).
2
Let t(k) = k**3 - 8*k**2 + 12*k + 12. Calculate t(4).
-4
Let b(h) = -h - 11. Calculate b(-7).
-4
Let i(y) = -14*y**3 - y**2. Calculate i(-1).
13
Let w(u) = u**2 - 10*u + 3. What is w(8)?
-13
Let u(m) = -3*m + 4. What is u(3)?
-5
Let u(f) = 13*f - 17. Determine u(8).
87
Let z(k) = 4*k - 15. What is z(11)?
29
Let n(i) = -2*i + 44. Give n(20).
4
Let o(z) = 9*z - 347. Give o(37).
-14
Let h(s) = 2*s - 4. Calculate h(5).
6
Let r(j) = 8*j**2 - 24*j - 7. What is r(3)?
-7
Let n(g) = -146*g + 140. Calculate n(1).
-6
Let w(d) = d**2 + 14*d - 302. Calculate w(-26).
10
Let g(z) = -4*z**2 - 26*z - 30. Determine g(-4).
10
Let i(x) = -x**3 - 3*x**2 - x - 6. What is i(-3)?
-3
Let h(c) = 2*c + 22. Calculate h(-9).
4
Let b(y) = -y**3 - 8*y**2 - 9*y + 6. What is b(-7)?
20
Let b(o) = o**3 - 6*o**2 - o - 8. Calculate b(7).
34
Let v(b) = -11*b - 3. Calculate v(4).
-47
Let a(z) = z - 24. Give a(13).
-11
Let j(d) = -d**2 - 15*d - 17. Determine j(-13).
9
Let m(i) = i**2 - 12*i + 20. Determine m(3).
-7
Let g(m) = m**2 + 5*m - 5. Give g(4).
31
Let z(w) = w**2 + 4*w + 2. What is z(-5)?
7
Let j(g) = g**3 - 8*g**2 + 5*g - 16. Determine j(6).
-58
Let u(a) = a**3 + 8*a**2 + 7*a + 7. Give u(-7).
7
Let v(z) = z**2 + 55*z + 443. Determine v(-10).
-7
Let j(y) = -3*y**2 - 14*y - 38. Calculate j(-8).
-118
Let p(o) = -o**3 + 3*o**2 - 5*o + 7. What is p(3)?
-8
Let n(q) = -q**2 + 8*q + 6. Determine n(7).
13
Let d(p) = 2*p**2 - 10*p - 11. What is d(6)?
1
Let n(t) = t**2 + 13*t - 4. What is n(-10)?
-34
Let a(j) = -j**3 - 4*j**2 - 6*j - 11. What is a(-3)?
-2
Let k(m) = 5*m + 81. Calculate k(-20).
-19
Let c(u) = -u**3 - 3*u**2 + 2*u - 14. Calculate c(-4).
-6
Let c(m) = -3*m**3 + 22*m**2 - 9*m + 16. Give c(7).
2
Let q(p) = p**2 + 3*p - 42. What is q(0)?
-42
Let d(q) = q**2 + 34*q + 188. Calculate d(-7).
-1
Let y(m) = 4*m + 17. Calculate y(4).
33
Let v(k) = -2*k**2 + 22. Give v(0).
22
Let h(n) = -n**3 - 2*n**2 + n - 6. Calculate h(-5).
64
Let k(l) = -l**2 - 5*l + 7. Calculate k(2).
-7
Let u(c) = 2*c**2 - 3. What is u(5)?
47
Let f(h) = -h**2 + h - 1. Calculate f(2).
-3
Let j(l) = l**2 + 2*l - 4. Determine j(2).
4
Let g(o) = -5*o + 53. Calculate g(9).
8
Let i(d) = d**3 + 3*d**2 - 4. Determine i(-3).
-4
Let n(v) = v**2 + v - 4. Give n(0).
-4
Let l(q) = q**3 + 5*q**2 + q + 5. What is l(-6)?
-37
Let x(n) = n - 38. Calculate x(0).
-38
Let r(d) = -6*d - 28. What is r(-6)?
8
Let a(c) = c**3 + 24*c**2 + 24*c + 27. Determine a(-23).
4
Let g(x) = x**3 + 14*x**2 - 11*x + 12. Give g(-15).
-48
Let s(p) = -p**3 - 5*p**2 - 8*p - 11. Determine s(-4).
5
Let t(h) = h**2 - 7*h + 3. Determine t(6).
-3
Let c(d) = 4*d**2 - 28*d - 9. Give c(9).
63
Let r(k) = 176*k + 348. Determine r(-2).
-4
Let v(w) = -w**2 - w - 9. Calculate v(0).
-9
Let z(b) = -b**2 + 6*b + 1. Give z(8).
-15
Let n(k) = -3*k - 13. Determine n(-3).
-4
Let f(n) = -4*n**2 - 43*n - 24. What is f(-10)?
6
Let n(b) = b**3 - 11*b**2 + 10*b + 6. Determine n(10).
6
Let y(n) = -6*n + 17. Give y(4).
-7
Let w(b) = -b**2 + 4*b + 5. Determine w(5).
0
Let k(x) = x. Give k(4).
4
Let q(i) = i**2 + 14*i + 40. What is q(-9)?
-5
Let p(s) = 4*s**2 + 40*s - 84. What is p(2)?
12
Let v(k) = -k**2 + 13*k + 8. Determine v(7).
50
Let k(c) = c - 2. Determine k(-14).
-16
Let w(b) = -29*b. Give w(-4).
116
Let b(f) = -f**3 + 3*f + 1. Determine b(3).
-17
Let q(k) = k**3 + 5*k**2 + 2*k - 10. What is q(-7)?
-122
Let z(a) = 29*a + 51. What is z(-2)?
-7
Let r(c) = -c**2 - 3*c - 1. What is r(-2)?
1
Let y(m) = -3*m - 56. Give y(-20).
4
Let f(a) =